{"id":8,"date":"2024-03-23T08:46:07","date_gmt":"2024-03-23T08:46:07","guid":{"rendered":"http:\/\/www.prajzko-hronov.cz\/?page_id=8"},"modified":"2026-04-30T02:35:56","modified_gmt":"2026-04-30T02:35:56","slug":"penzion","status":"publish","type":"page","link":"https:\/\/www.prajzko-hronov.cz\/?page_id=8","title":{"rendered":"Penzion Prajzko. Rezervace ubytov\u00e1n\u00ed : 777 883 895\/ 774 263 983.e-mail bernardtomas@centrum.cz\/ peta.pdv@email.cz"},"content":{"rendered":"<div class=\"wp-block-image\">\n<figure class=\"aligncenter size-medium\"><img loading=\"lazy\" decoding=\"async\" width=\"300\" height=\"240\" src=\"http:\/\/www.prajzko-hronov.cz\/wp-content\/uploads\/2024\/04\/ubytovani1-300x240.jpeg\" alt=\"\" class=\"wp-image-102\" srcset=\"https:\/\/www.prajzko-hronov.cz\/wp-content\/uploads\/2024\/04\/ubytovani1-300x240.jpeg 300w, https:\/\/www.prajzko-hronov.cz\/wp-content\/uploads\/2024\/04\/ubytovani1.jpeg 750w\" sizes=\"auto, (max-width: 300px) 100vw, 300px\" \/><\/figure>\n<\/div>\n\n<\/p>\n\n\n<p><strong>Nab\u00edz\u00edme ubytov\u00e1n\u00ed v Hronov\u011b ve 13ti pokoj\u00edch pro maxim\u00e1ln\u011b 33 osob. <\/strong><br><strong>&#8211; 7 x dvojl\u016f\u017ekov\u00e9 pokoje s TV a s vlastn\u00edm soci\u00e1ln\u00edm za\u0159\u00edzen\u00edm.<\/strong><br><strong>&#8211; 5 x 3 l\u016f\u017ekov\u00fd pokoj s TV a koupelnou (vanou).<\/strong><br><strong>&#8211; Prostorn\u00fd apartm\u00e1n pro 4-6 osob s mo\u017enost\u00ed p\u0159ist\u00fdlky.<\/strong><\/p>\n\n\n<\/p>\n\n\n<figure class=\"wp-block-gallery has-nested-images columns-default is-cropped wp-block-gallery-1 is-layout-flex wp-block-gallery-is-layout-flex\">\n<figure class=\"wp-block-image size-large\"><img loading=\"lazy\" decoding=\"async\" width=\"1024\" height=\"771\" data-id=\"1669\" src=\"https:\/\/www.prajzko-hronov.cz\/wp-content\/uploads\/2026\/03\/2026-03-12-1-1024x771.jpg\" alt=\"\" class=\"wp-image-1669\" srcset=\"https:\/\/www.prajzko-hronov.cz\/wp-content\/uploads\/2026\/03\/2026-03-12-1-1024x771.jpg 1024w, https:\/\/www.prajzko-hronov.cz\/wp-content\/uploads\/2026\/03\/2026-03-12-1-300x226.jpg 300w, https:\/\/www.prajzko-hronov.cz\/wp-content\/uploads\/2026\/03\/2026-03-12-1-768x578.jpg 768w, https:\/\/www.prajzko-hronov.cz\/wp-content\/uploads\/2026\/03\/2026-03-12-1-1536x1157.jpg 1536w, https:\/\/www.prajzko-hronov.cz\/wp-content\/uploads\/2026\/03\/2026-03-12-1-2048x1542.jpg 2048w\" sizes=\"auto, (max-width: 1024px) 100vw, 1024px\" \/><\/figure>\n\n\n\n<figure class=\"wp-block-image size-large\"><img loading=\"lazy\" decoding=\"async\" width=\"1024\" height=\"819\" data-id=\"1670\" src=\"https:\/\/www.prajzko-hronov.cz\/wp-content\/uploads\/2026\/03\/2026-03-12-2-1024x819.jpg\" alt=\"\" class=\"wp-image-1670\" srcset=\"https:\/\/www.prajzko-hronov.cz\/wp-content\/uploads\/2026\/03\/2026-03-12-2-1024x819.jpg 1024w, https:\/\/www.prajzko-hronov.cz\/wp-content\/uploads\/2026\/03\/2026-03-12-2-300x240.jpg 300w, https:\/\/www.prajzko-hronov.cz\/wp-content\/uploads\/2026\/03\/2026-03-12-2-768x614.jpg 768w, https:\/\/www.prajzko-hronov.cz\/wp-content\/uploads\/2026\/03\/2026-03-12-2.jpg 1125w\" sizes=\"auto, (max-width: 1024px) 100vw, 1024px\" \/><\/figure>\n\n\n\n<figure class=\"wp-block-image size-large\"><img loading=\"lazy\" decoding=\"async\" width=\"1024\" height=\"819\" data-id=\"1671\" src=\"https:\/\/www.prajzko-hronov.cz\/wp-content\/uploads\/2026\/03\/2026-03-12-3-1024x819.jpg\" alt=\"\" class=\"wp-image-1671\" srcset=\"https:\/\/www.prajzko-hronov.cz\/wp-content\/uploads\/2026\/03\/2026-03-12-3-1024x819.jpg 1024w, https:\/\/www.prajzko-hronov.cz\/wp-content\/uploads\/2026\/03\/2026-03-12-3-300x240.jpg 300w, https:\/\/www.prajzko-hronov.cz\/wp-content\/uploads\/2026\/03\/2026-03-12-3-768x614.jpg 768w, https:\/\/www.prajzko-hronov.cz\/wp-content\/uploads\/2026\/03\/2026-03-12-3.jpg 1125w\" sizes=\"auto, (max-width: 1024px) 100vw, 1024px\" \/><\/figure>\n<\/figure>\n\n\n<\/p>\n\n\n<p>Ubytov\u00e1n\u00ed se sn\u00eddan\u00ed , sn\u00eddan\u011b se pod\u00e1vaj\u00ed od 8.00h do 9.30.h po domluv\u011b i d\u0159\u00edve ( nejd\u0159\u00edve v\u0161ak v 7.00) sn\u00eddan\u011b -k\u00e1va, \u010daj, d\u017eus, \u0161unkov\u00fd sal\u00e1m, s\u00fdr gouda, p\u00e1rky nebo vaj\u00ed\u010dka( m\u00edchan\u00e1, hemenex), m\u00e1slo, d\u017eem, nutela, \u010derstv\u00e9 pe\u010divo ( v p\u0159\u00edpad\u011b v\u011bt\u0161\u00ed obsazenosti se pod\u00e1vaj\u00ed sn\u00eddan\u011b bufetov\u00fdm zp\u016fsobem ).<br>Parkov\u00e1n\u00ed zdarma na soukrom\u00e9m parkovi\u0161ti hned vedle penzionu z boku .<br>Ubytov\u00e1n\u00ed nab\u00edz\u00ed pokojovou slu\u017ebu a restauraci.<br>Sou\u010d\u00e1st\u00ed penzionu je restaurace s denn\u00edm menu otev\u0159en\u00e1 pond\u011bl\u00ed &#8211; p\u00e1tek 10.30-14.00., vhodn\u00e1 i pro soukrom\u00e9 akce s odd\u011blen\u00fdm sal\u00f3nkem pro 30 osob.<br>Bezplatn\u00e1 WiFi, TV a vlastn\u00ed koupelna<\/p>\n\n\n<\/p>\n\n\n<figure class=\"wp-block-gallery has-nested-images columns-default is-cropped wp-block-gallery-2 is-layout-flex wp-block-gallery-is-layout-flex\">\n<figure class=\"wp-block-image size-medium\"><img loading=\"lazy\" decoding=\"async\" width=\"300\" height=\"226\" data-id=\"1674\" src=\"https:\/\/www.prajzko-hronov.cz\/wp-content\/uploads\/2026\/03\/IMG_20260214_104517-300x226.jpg\" alt=\"\" class=\"wp-image-1674\" srcset=\"https:\/\/www.prajzko-hronov.cz\/wp-content\/uploads\/2026\/03\/IMG_20260214_104517-300x226.jpg 300w, https:\/\/www.prajzko-hronov.cz\/wp-content\/uploads\/2026\/03\/IMG_20260214_104517-1024x771.jpg 1024w, https:\/\/www.prajzko-hronov.cz\/wp-content\/uploads\/2026\/03\/IMG_20260214_104517-768x578.jpg 768w, https:\/\/www.prajzko-hronov.cz\/wp-content\/uploads\/2026\/03\/IMG_20260214_104517-1536x1157.jpg 1536w, https:\/\/www.prajzko-hronov.cz\/wp-content\/uploads\/2026\/03\/IMG_20260214_104517-2048x1542.jpg 2048w\" sizes=\"auto, (max-width: 300px) 100vw, 300px\" \/><\/figure>\n\n\n\n<figure class=\"wp-block-image size-medium\"><img loading=\"lazy\" decoding=\"async\" width=\"300\" height=\"240\" data-id=\"108\" src=\"http:\/\/www.prajzko-hronov.cz\/wp-content\/uploads\/2024\/04\/ubytovani6-300x240.jpeg\" alt=\"\" class=\"wp-image-108\" srcset=\"https:\/\/www.prajzko-hronov.cz\/wp-content\/uploads\/2024\/04\/ubytovani6-300x240.jpeg 300w, https:\/\/www.prajzko-hronov.cz\/wp-content\/uploads\/2024\/04\/ubytovani6.jpeg 750w\" sizes=\"auto, (max-width: 300px) 100vw, 300px\" \/><\/figure>\n\n\n\n<figure class=\"wp-block-image size-medium\"><img loading=\"lazy\" decoding=\"async\" width=\"300\" height=\"240\" data-id=\"109\" src=\"http:\/\/www.prajzko-hronov.cz\/wp-content\/uploads\/2024\/04\/ubytovani7-300x240.jpeg\" alt=\"\" class=\"wp-image-109\" srcset=\"https:\/\/www.prajzko-hronov.cz\/wp-content\/uploads\/2024\/04\/ubytovani7-300x240.jpeg 300w, https:\/\/www.prajzko-hronov.cz\/wp-content\/uploads\/2024\/04\/ubytovani7.jpeg 600w\" sizes=\"auto, (max-width: 300px) 100vw, 300px\" \/><\/figure>\n<\/figure>\n\n\n<\/p>\n\n\n<p>Dal\u0161\u00ed informace v\u00e1m r\u00e1di poskytneme na <strong>777 883 895\/ 774 263 983<\/strong>  a to v \u010de\u0161tin\u011b i v angli\u010dtin\u011b.<\/p>\n\n\n\n<h2 class=\"wp-block-heading\"><strong>Rezervace:<\/strong><br><strong>Kontakt:&nbsp;777 883 895 \/ 774 263 983 e-mail. bernardtomas@centrum.cz\/ peta.pdv@email.cz<\/strong><\/h2>\n\n\n\n<p class=\"has-medium-font-size\"><strong>Lokalita nab\u00edz\u00ed velk\u00e9 mno\u017estv\u00ed v\u00fdlet\u016f<\/strong><\/p>\n\n\n\n<p>Penzion Prajzko se nach\u00e1z\u00ed v Hronov\u011b, 0,5 km od vlakov\u00e9ho n\u00e1dra\u017e\u00ed, 0,5 km od centra. Svoj\u00ed polohou je ide\u00e1ln\u00edm m\u00edstem jak pro p\u011b\u0161\u00ed, tak i cyklistick\u00e9 v\u00fdlety. Nedaleko se nach\u00e1z\u00ed Chr\u00e1n\u011bn\u00e1 krajinn\u00e1 oblast Broumovsko, Adr\u0161pa\u0161sk\u00e9 sk\u00e1ly, Babi\u010d\u010dino \u00fadol\u00ed, ZOO Dv\u016fr Kr\u00e1lov\u00e9 a zn\u00e1m\u00e1 vodn\u00ed p\u0159ehrada Rozko\u0161.&nbsp;Osta\u0161, Adr\u0161pach \u2026. R\u00e1di porad\u00edme s v\u00fdletem \ud83d\ude42  <strong>Kapacita na Jir\u00e1sk\u016fv Hronov 2026 &#8211; OBSAZENO<\/strong> .<br>0,5 km &#8211; Jir\u00e1skovo divadlo<br>1 km &#8211; Jir\u00e1sk\u016fv rodn\u00fd d\u016fm<br>8 km &#8211; Kudowa Zdr\u00f3j<br>12 km &#8211; od aquaparku Kudowa<br>19 km &#8211; Babi\u010d\u010dino \u00fadol\u00ed<br>24 km &#8211; Adr\u0161pach -slan\u00ed m\u011bsto <br>81 km &#8211; Leti\u0161t\u011b Pardubice<\/p>\n\n\n\n<hr class=\"wp-block-separator has-alpha-channel-opacity\"\/>\n\n\n\n<h2 class=\"wp-block-heading has-medium-font-size\">Cen\u00edk ubytov\u00e1n\u00ed v penzionu Prajzko<\/h2>\n\n\n\n<figure class=\"wp-block-table is-style-stripes\"><table><tbody><tr><td><\/td><td><strong>Zimn\u00ed sezona 1.10.-30.3.2026<\/strong><\/td><td><strong>Letn\u00ed sezona 1.4.-30.9.2026<\/strong><\/td><td>Mimo sezonu<\/td><\/tr><tr><td>Ceny za noc za osobu se sn\u00eddan\u00ed<\/td><td><strong>700K\u010d se sn\u00eddan\u00ed \/ 600,- bez sn\u00eddan\u011b <\/strong><\/td><td><strong>750 K\u010d\/650 K\u010d bez sn\u00eddan\u011b<\/strong><\/td><td>650 K\u010d<\/td><\/tr><tr><td>Cena za v\u00edkend za osobu<\/td><td><strong>1400 K\u010d se sn\u00eddan\u00ed \/ 1200,- bez sn\u00eddan\u011b <\/strong><\/td><td><strong>1500 K\u010d\/ 1300 K\u010d bez sn\u00eddan\u011b<\/strong><\/td><td>1200 K\u010d<\/td><\/tr><tr><td><strong>Ubytov\u00e1n\u00ed pro skupiny  15 a v\u00edce osob na 2 a v\u00edce noc\u00ed sleva po dohod\u011b \/ Dlouhodob\u00e9 ubytov\u00e1n\u00ed 14 dn\u00ed a v\u00edce sleva po dohod\u011b, mo\u017enost ubytov\u00e1n\u00ed pro v\u011bt\u0161\u00ed skupiny s plnou penz\u00ed \/ polopenz\u00ed  ( cena se odv\u00edj\u00ed podle po\u010dtu osob a dohody . <\/strong><\/td><td><\/td><td><\/td><td><\/td><\/tr><\/tbody><\/table><\/figure>\n\n\n\n<figure class=\"wp-block-table is-style-stripes\"><table><tbody><tr><td><strong>Silvestr 2025\/2026 volno \/ Jarn\u00ed pr\u00e1zdniny volno<\/strong> , mo\u017enost pron\u00e1jmu cel\u00e9ho objektu i restauarce <\/td><\/tr><\/tbody><\/table><\/figure>\n\n\n\n<hr class=\"wp-block-separator has-alpha-channel-opacity\"\/>\n\n\n\n<h3 class=\"wp-block-heading\">Provoz, poplatky, ceny<\/h3>\n\n\n\n<p>Penzion je provozov\u00e1n celoro\u010dn\u011b, ceny jsou v\u010detn\u011b sn\u00eddan\u011b, rekrea\u010dn\u00ed poplatek \u010din\u00ed 20,- za ka\u017ed\u00fd zapo\u010dat\u00fd den, neplat\u00ed se den p\u0159\u00edjezdu, z\u00e1loha na ubytov\u00e1n\u00ed je 50% z celkov\u00e9 \u010d\u00e1stky za ubytov\u00e1n\u00ed, storno je mo\u017en\u00e9 3 dny p\u0159ed pl\u00e1novan\u00fdm p\u0159\u00edjezdem zdarma, pot\u00e9 cel\u00e1 zaplacen\u00e1 z\u00e1loha.<br>Check-in: 14:00, check- out 10:00, mo\u017enost prodlou\u017een\u00ed check-outu za poplatek 150 K\u010d\/ hodina.Mo\u017enost parkov\u00e1n\u00ed u objektu, v objektu je restaurace , mo\u017enost pron\u00e1jmu samostatn\u00e9 vin\u00e1rny pro cca 25-30 osob, sal\u00f3nku pro cca 24 osob a restaurace pro cca 30 osob .<br>S sebou m\u016f\u017eete vz\u00edt pejska, kdy je \u00fa\u010dtov\u00e1na \u010d\u00e1stka 100,- \/ noc.<\/p>\n\n\n\n<p><\/p>\n","protected":false},"excerpt":{"rendered":"<p>Nab\u00edz\u00edme ubytov\u00e1n\u00ed v Hronov\u011b ve 13ti pokoj\u00edch pro maxim\u00e1ln\u011b 33 osob. &#8211; 7 x dvojl\u016f\u017ekov\u00e9 pokoje s TV a s vlastn\u00edm soci\u00e1ln\u00edm za\u0159\u00edzen\u00edm.&#8211; 5 x 3 l\u016f\u017ekov\u00fd pokoj s TV a koupelnou (vanou).&#8211; Prostorn\u00fd apartm\u00e1n pro 4-6 osob s mo\u017enost\u00ed &hellip; <\/p>\n<div class=\"read-more\"><a href=\"https:\/\/www.prajzko-hronov.cz\/?page_id=8\" class=\"more-link\">Read More<\/a><\/div>\n","protected":false},"author":1,"featured_media":780,"parent":0,"menu_order":0,"comment_status":"closed","ping_status":"closed","template":"","meta":{"footnotes":""},"class_list":["post-8","page","type-page","status-publish","has-post-thumbnail","hentry","entry"],"_links":{"self":[{"href":"https:\/\/www.prajzko-hronov.cz\/index.php?rest_route=\/wp\/v2\/pages\/8","targetHints":{"allow":["GET"]}}],"collection":[{"href":"https:\/\/www.prajzko-hronov.cz\/index.php?rest_route=\/wp\/v2\/pages"}],"about":[{"href":"https:\/\/www.prajzko-hronov.cz\/index.php?rest_route=\/wp\/v2\/types\/page"}],"author":[{"embeddable":true,"href":"https:\/\/www.prajzko-hronov.cz\/index.php?rest_route=\/wp\/v2\/users\/1"}],"replies":[{"embeddable":true,"href":"https:\/\/www.prajzko-hronov.cz\/index.php?rest_route=%2Fwp%2Fv2%2Fcomments&post=8"}],"version-history":[{"count":34,"href":"https:\/\/www.prajzko-hronov.cz\/index.php?rest_route=\/wp\/v2\/pages\/8\/revisions"}],"predecessor-version":[{"id":1760,"href":"https:\/\/www.prajzko-hronov.cz\/index.php?rest_route=\/wp\/v2\/pages\/8\/revisions\/1760"}],"wp:featuredmedia":[{"embeddable":true,"href":"https:\/\/www.prajzko-hronov.cz\/index.php?rest_route=\/wp\/v2\/media\/780"}],"wp:attachment":[{"href":"https:\/\/www.prajzko-hronov.cz\/index.php?rest_route=%2Fwp%2Fv2%2Fmedia&parent=8"}],"curies":[{"name":"wp","href":"https:\/\/api.w.org\/{rel}","templated":true}]}}